{"id":10,"date":"2023-03-21T05:54:49","date_gmt":"2023-03-21T05:54:49","guid":{"rendered":"https:\/\/tornado.com.tr\/?page_id=10"},"modified":"2023-03-21T11:29:45","modified_gmt":"2023-03-21T11:29:45","slug":"hakkimizda","status":"publish","type":"page","link":"https:\/\/tornado.com.tr\/?page_id=10","title":{"rendered":"Hakk\u0131m\u0131zda"},"content":{"rendered":"\n<p>Deri ve k\u00fcrkten mamul giyim e\u015fyalar\u0131 \u00fcretiminde 1996 y\u0131l\u0131nda ba\u015flad\u0131k. K\u0131sa s\u00fcre i\u00e7inde \u00fcr\u00fcnlerimiz ve kalitemizle pazarda tan\u0131nd\u0131k. \u0130\u015f hacmimizin geli\u015fmesiyle birlikte makine park\u0131m\u0131z\u0131 ve i\u015fyerimizi daha b\u00fcy\u00fck bir alana yayd\u0131k kurulu\u015fundan itibaren Tornado, kaliteden \u00f6d\u00fcn vermeden s\u00fcrekli geli\u015fme, m\u00fc\u015fteri memnuniyeti ve isteklerini \u00f6n planda tutan d\u00fcnya trendlerini yak\u0131ndan izleyen politikas\u0131 ile sekt\u00f6r\u00fcnde k\u0131sa s\u00fcrede \u00fcst s\u0131ralara ula\u015fm\u0131\u015ft\u0131r.<\/p>\n\n\n\n<p>Kurulu\u015fundan itibaren Tornado\u2019nun sat\u0131\u015flar\u0131 h\u0131zl\u0131 bir \u015fekilde y\u00fckselmi\u015ftir bu y\u00fckseli\u015fte kalite politikam\u0131z\u0131n katk\u0131s\u0131n\u0131n yan\u0131nda kendi \u00f6zg\u00fcn markalar\u0131m\u0131z\u0131n ba\u015flarda Rusya i\u015f ba\u015flayan ard\u0131ndan Amerika Avrupa kanada gibi \u00fclkelerinde kat\u0131lmas\u0131 ile Pazar pay\u0131m\u0131z s\u00fcrekli artmaktad\u0131r.<\/p>\n\n\n\n<p>Moskova, Fransa, \u0130talya, Amerika da \u015firketler kurulmu\u015f olup bunlar arac\u0131l\u0131\u011f\u0131 ile bu pazarlar\u0131 daha yak\u0131ndan takip etme ve markalar\u0131m\u0131n tan\u0131t\u0131m\u0131n\u0131 daha etkili bi\u00e7imde yapabilmekteyiz.<\/p>\n\n\n\n<p>Pazar pay\u0131m\u0131z\u0131n h\u0131zl\u0131 y\u00fckseli\u015fi bizi mevcut alan\u0131m\u0131z\u0131 geni\u015fletmemiz gerekti\u011fi konusunda harekete ge\u00e7irmektedir. Bu nedenle stratejik yerlerde kendi tesislerimizi in\u015fa edebilece\u011fimiz yer aray\u0131\u015flar\u0131 proje \u00e7al\u0131\u015fmalar\u0131 i\u00e7ine girmi\u015f bulunmaktay\u0131z.<\/p>\n","protected":false},"excerpt":{"rendered":"<p>Deri ve k\u00fcrkten mamul giyim e\u015fyalar\u0131 \u00fcretiminde 1996 y\u0131l\u0131nda ba\u015flad\u0131k. K\u0131sa s\u00fcre i\u00e7inde \u00fcr\u00fcnlerimiz ve kalitemizle pazarda tan\u0131nd\u0131k. \u0130\u015f hacmimizin geli\u015fmesiyle birlikte makine park\u0131m\u0131z\u0131 ve i\u015fyerimizi daha b\u00fcy\u00fck bir alana yayd\u0131k kurulu\u015fundan itibaren Tornado, kaliteden \u00f6d\u00fcn vermeden s\u00fcrekli geli\u015fme, m\u00fc\u015fteri memnuniyeti ve isteklerini \u00f6n planda tutan d\u00fcnya trendlerini yak\u0131ndan izleyen politikas\u0131 ile sekt\u00f6r\u00fcnde k\u0131sa s\u00fcrede &hellip; <\/p>\n<p class=\"link-more\"><a href=\"https:\/\/tornado.com.tr\/?page_id=10\" class=\"more-link\">Okumaya devam et<span class=\"screen-reader-text\"> &#8220;Hakk\u0131m\u0131zda&#8221;<\/span><\/a><\/p>\n","protected":false},"author":1,"featured_media":44,"parent":0,"menu_order":0,"comment_status":"closed","ping_status":"closed","template":"","meta":{"footnotes":""},"class_list":["post-10","page","type-page","status-publish","has-post-thumbnail","hentry"],"yoast_head":"<!-- This site is optimized with the Yoast SEO plugin v20.3 - https:\/\/yoast.com\/wordpress\/plugins\/seo\/ -->\n<title>Hakk\u0131m\u0131zda - tornado leather fashion<\/title>\n<meta name=\"robots\" content=\"index, follow, max-snippet:-1, max-image-preview:large, max-video-preview:-1\" \/>\n<link rel=\"canonical\" href=\"https:\/\/tornado.com.tr\/?page_id=10\" \/>\n<meta property=\"og:locale\" content=\"tr_TR\" \/>\n<meta property=\"og:type\" content=\"article\" \/>\n<meta property=\"og:title\" content=\"Hakk\u0131m\u0131zda - tornado leather fashion\" \/>\n<meta property=\"og:description\" content=\"Deri ve k\u00fcrkten mamul giyim e\u015fyalar\u0131 \u00fcretiminde 1996 y\u0131l\u0131nda ba\u015flad\u0131k. K\u0131sa s\u00fcre i\u00e7inde \u00fcr\u00fcnlerimiz ve kalitemizle pazarda tan\u0131nd\u0131k. \u0130\u015f hacmimizin geli\u015fmesiyle birlikte makine park\u0131m\u0131z\u0131 ve i\u015fyerimizi daha b\u00fcy\u00fck bir alana yayd\u0131k kurulu\u015fundan itibaren Tornado, kaliteden \u00f6d\u00fcn vermeden s\u00fcrekli geli\u015fme, m\u00fc\u015fteri memnuniyeti ve isteklerini \u00f6n planda tutan d\u00fcnya trendlerini yak\u0131ndan izleyen politikas\u0131 ile sekt\u00f6r\u00fcnde k\u0131sa s\u00fcrede &hellip; Okumaya devam et &quot;Hakk\u0131m\u0131zda&quot;\" \/>\n<meta property=\"og:url\" content=\"https:\/\/tornado.com.tr\/?page_id=10\" \/>\n<meta property=\"og:site_name\" content=\"tornado leather fashion\" \/>\n<meta property=\"article:modified_time\" content=\"2023-03-21T11:29:45+00:00\" \/>\n<meta property=\"og:image\" content=\"https:\/\/tornado.com.tr\/wp-content\/uploads\/2023\/03\/OSM_0023-17-scaled-e1679398077464.jpg\" \/>\n\t<meta property=\"og:image:width\" content=\"2560\" \/>\n\t<meta property=\"og:image:height\" content=\"1203\" \/>\n\t<meta property=\"og:image:type\" content=\"image\/jpeg\" \/>\n<meta name=\"twitter:card\" content=\"summary_large_image\" \/>\n<meta name=\"twitter:label1\" content=\"Tahmini okuma s\u00fcresi\" \/>\n\t<meta name=\"twitter:data1\" content=\"1 dakika\" \/>\n<script type=\"application\/ld+json\" class=\"yoast-schema-graph\">{\"@context\":\"https:\/\/schema.org\",\"@graph\":[{\"@type\":\"WebPage\",\"@id\":\"https:\/\/tornado.com.tr\/?page_id=10\",\"url\":\"https:\/\/tornado.com.tr\/?page_id=10\",\"name\":\"Hakk\u0131m\u0131zda - tornado leather fashion\",\"isPartOf\":{\"@id\":\"https:\/\/tornado.com.tr\/#website\"},\"datePublished\":\"2023-03-21T05:54:49+00:00\",\"dateModified\":\"2023-03-21T11:29:45+00:00\",\"breadcrumb\":{\"@id\":\"https:\/\/tornado.com.tr\/?page_id=10#breadcrumb\"},\"inLanguage\":\"tr\",\"potentialAction\":[{\"@type\":\"ReadAction\",\"target\":[\"https:\/\/tornado.com.tr\/?page_id=10\"]}]},{\"@type\":\"BreadcrumbList\",\"@id\":\"https:\/\/tornado.com.tr\/?page_id=10#breadcrumb\",\"itemListElement\":[{\"@type\":\"ListItem\",\"position\":1,\"name\":\"Anasayfa\",\"item\":\"https:\/\/tornado.com.tr\/\"},{\"@type\":\"ListItem\",\"position\":2,\"name\":\"Hakk\u0131m\u0131zda\"}]},{\"@type\":\"WebSite\",\"@id\":\"https:\/\/tornado.com.tr\/#website\",\"url\":\"https:\/\/tornado.com.tr\/\",\"name\":\"tornado leather fashion\",\"description\":\"\",\"potentialAction\":[{\"@type\":\"SearchAction\",\"target\":{\"@type\":\"EntryPoint\",\"urlTemplate\":\"https:\/\/tornado.com.tr\/?s={search_term_string}\"},\"query-input\":\"required name=search_term_string\"}],\"inLanguage\":\"tr\"}]}<\/script>\n<!-- \/ Yoast SEO plugin. -->","yoast_head_json":{"title":"Hakk\u0131m\u0131zda - tornado leather fashion","robots":{"index":"index","follow":"follow","max-snippet":"max-snippet:-1","max-image-preview":"max-image-preview:large","max-video-preview":"max-video-preview:-1"},"canonical":"https:\/\/tornado.com.tr\/?page_id=10","og_locale":"tr_TR","og_type":"article","og_title":"Hakk\u0131m\u0131zda - tornado leather fashion","og_description":"Deri ve k\u00fcrkten mamul giyim e\u015fyalar\u0131 \u00fcretiminde 1996 y\u0131l\u0131nda ba\u015flad\u0131k. K\u0131sa s\u00fcre i\u00e7inde \u00fcr\u00fcnlerimiz ve kalitemizle pazarda tan\u0131nd\u0131k. \u0130\u015f hacmimizin geli\u015fmesiyle birlikte makine park\u0131m\u0131z\u0131 ve i\u015fyerimizi daha b\u00fcy\u00fck bir alana yayd\u0131k kurulu\u015fundan itibaren Tornado, kaliteden \u00f6d\u00fcn vermeden s\u00fcrekli geli\u015fme, m\u00fc\u015fteri memnuniyeti ve isteklerini \u00f6n planda tutan d\u00fcnya trendlerini yak\u0131ndan izleyen politikas\u0131 ile sekt\u00f6r\u00fcnde k\u0131sa s\u00fcrede &hellip; Okumaya devam et \"Hakk\u0131m\u0131zda\"","og_url":"https:\/\/tornado.com.tr\/?page_id=10","og_site_name":"tornado leather fashion","article_modified_time":"2023-03-21T11:29:45+00:00","og_image":[{"width":2560,"height":1203,"url":"https:\/\/tornado.com.tr\/wp-content\/uploads\/2023\/03\/OSM_0023-17-scaled-e1679398077464.jpg","type":"image\/jpeg"}],"twitter_card":"summary_large_image","twitter_misc":{"Tahmini okuma s\u00fcresi":"1 dakika"},"schema":{"@context":"https:\/\/schema.org","@graph":[{"@type":"WebPage","@id":"https:\/\/tornado.com.tr\/?page_id=10","url":"https:\/\/tornado.com.tr\/?page_id=10","name":"Hakk\u0131m\u0131zda - tornado leather fashion","isPartOf":{"@id":"https:\/\/tornado.com.tr\/#website"},"datePublished":"2023-03-21T05:54:49+00:00","dateModified":"2023-03-21T11:29:45+00:00","breadcrumb":{"@id":"https:\/\/tornado.com.tr\/?page_id=10#breadcrumb"},"inLanguage":"tr","potentialAction":[{"@type":"ReadAction","target":["https:\/\/tornado.com.tr\/?page_id=10"]}]},{"@type":"BreadcrumbList","@id":"https:\/\/tornado.com.tr\/?page_id=10#breadcrumb","itemListElement":[{"@type":"ListItem","position":1,"name":"Anasayfa","item":"https:\/\/tornado.com.tr\/"},{"@type":"ListItem","position":2,"name":"Hakk\u0131m\u0131zda"}]},{"@type":"WebSite","@id":"https:\/\/tornado.com.tr\/#website","url":"https:\/\/tornado.com.tr\/","name":"tornado leather fashion","description":"","potentialAction":[{"@type":"SearchAction","target":{"@type":"EntryPoint","urlTemplate":"https:\/\/tornado.com.tr\/?s={search_term_string}"},"query-input":"required name=search_term_string"}],"inLanguage":"tr"}]}},"_links":{"self":[{"href":"https:\/\/tornado.com.tr\/index.php?rest_route=\/wp\/v2\/pages\/10","targetHints":{"allow":["GET"]}}],"collection":[{"href":"https:\/\/tornado.com.tr\/index.php?rest_route=\/wp\/v2\/pages"}],"about":[{"href":"https:\/\/tornado.com.tr\/index.php?rest_route=\/wp\/v2\/types\/page"}],"author":[{"embeddable":true,"href":"https:\/\/tornado.com.tr\/index.php?rest_route=\/wp\/v2\/users\/1"}],"replies":[{"embeddable":true,"href":"https:\/\/tornado.com.tr\/index.php?rest_route=%2Fwp%2Fv2%2Fcomments&post=10"}],"version-history":[{"count":2,"href":"https:\/\/tornado.com.tr\/index.php?rest_route=\/wp\/v2\/pages\/10\/revisions"}],"predecessor-version":[{"id":37,"href":"https:\/\/tornado.com.tr\/index.php?rest_route=\/wp\/v2\/pages\/10\/revisions\/37"}],"wp:featuredmedia":[{"embeddable":true,"href":"https:\/\/tornado.com.tr\/index.php?rest_route=\/wp\/v2\/media\/44"}],"wp:attachment":[{"href":"https:\/\/tornado.com.tr\/index.php?rest_route=%2Fwp%2Fv2%2Fmedia&parent=10"}],"curies":[{"name":"wp","href":"https:\/\/api.w.org\/{rel}","templated":true}]}}